{"id":3231,"date":"2024-06-14T01:39:57","date_gmt":"2024-06-13T23:39:57","guid":{"rendered":"https:\/\/trasteroscampanillas.com\/?page_id=3231"},"modified":"2024-10-16T00:57:10","modified_gmt":"2024-10-15T22:57:10","slug":"sobre-nosotros","status":"publish","type":"page","link":"https:\/\/trasteroscampanillas.com\/index.php\/sobre-nosotros\/","title":{"rendered":"Sobre Nosotros"},"content":{"rendered":"<div class=\"wpb-content-wrapper\"><p>[vc_section][vc_row][vc_column]<div  class=\"wpb_content_element   clearfix\"><style type=\"text\/css\">#ut_am_69e0d9de4c8cc { opacity: 1; }#ut_am_wrap_69e0d9de4c8ce .ut-image-gallery-item-caption-title h3 { letter-spacing: 0em; }#ut_am_wrap_69e0d9de4c8ce .ut-gallery-slider-caption { font-weight: bold; }#ut_am_wrap_69e0d9de4c8ce { text-align: center; }@media (min-width: 768px) and (max-width: 1024px) { #ut_am_wrap_69e0d9de4c8ce { text-align: center !important; } }@media (max-width: 767px) { #ut_am_wrap_69e0d9de4c8ce { text-align: center !important; } }<\/style><div id=\"ut_am_wrap_69e0d9de4c8ce\" class=\"ut-image-gallery-image \"><div id=\"ut_reveal_69e0d9de4c8cf\"  data-appear-top-offset=\"auto\" class=\"ut-animated-image-item ut-image-gallery-item ut-animation-done \"><a class=\"ut-deactivated-link\" href=\"#\"><div class=\"ut-animated-image-zoom\"><img loading=\"lazy\" decoding=\"async\" class=\"ut-lazy skip-lazy ut-animated-image \"  id=\"ut_am_69e0d9de4c8cc\" src=\"data:image\/svg+xml;charset=utf-8,%3Csvg xmlns%3D'http%3A%2F%2Fwww.w3.org%2F2000%2Fsvg' viewBox%3D'0 0 1180 393'%2F%3E\" data-src=\"https:\/\/trasteroscampanillas.com\/wp-content\/uploads\/2024\/10\/Diseno-sin-titulo-5.jpg\" width=\"1180\" height=\"393\" alt=\"\"\/><\/div><\/a><\/div><\/div><\/div>[\/vc_column][\/vc_row][\/vc_section][vc_section][vc_row][vc_column width=\u00bb1\/6&#8243;][\/vc_column][vc_column width=\u00bb2\/3&#8243;][vc_column_text css=\u00bb\u00bb]<\/p>\n<h2 style=\"text-align: center;\"><strong>\u00bfQui\u00e9nes somos y cu\u00e1l es nuestra misi\u00f3n?<\/strong><\/h2>\n<p style=\"text-align: center;\"><strong>Trasteros Campanillas<\/strong> es una empresa de self storage situada en Campanillas, M\u00e1laga. Desde nuestro lanzamiento hace un a\u00f1o, nos hemos dedicado a proporcionar soluciones de almacenamiento accesibles y asequibles para particulares y empresas que buscan m\u00e1s espacio para sus pertenencias o mercanc\u00edas.<\/p>\n<p style=\"text-align: center;\">Nos enorgullece ser una empresa joven con un enfoque local, ofreciendo a nuestros clientes un servicio cercano y confiable. Aunque actualmente contamos con un \u00fanico centro, nuestra meta es convertirnos en un referente en la relaci\u00f3n calidad-precio dentro de la industria de self storage en M\u00e1laga.<\/p>\n<h3 style=\"text-align: center;\"><strong>Nuestra visi\u00f3n<\/strong><\/h3>\n<p style=\"text-align: center;\">Nuestra visi\u00f3n a largo plazo es ser reconocidos como l\u00edderes en el sector en cuanto a la calidad y precio de nuestros servicios. No buscamos ser los m\u00e1s grandes, sino los mejores en ofrecer una soluci\u00f3n de almacenamiento c\u00f3moda y accesible para nuestros clientes. Nos esforzamos por ofrecer un servicio \u00fanico que permita a nuestros usuarios acceder a su trastero las 24 horas del d\u00eda, llegando con su propio veh\u00edculo hasta la puerta de su espacio de almacenamiento.<\/p>\n<h3 style=\"text-align: center;\"><strong>Nuestra misi\u00f3n<\/strong><\/h3>\n<p style=\"text-align: center;\">En <strong>Trasteros Campanillas<\/strong>, nuestra misi\u00f3n es proporcionar a nuestros clientes un almacenamiento c\u00f3modo, flexible y asequible. Entendemos la necesidad de contar con un espacio adicional y estamos aqu\u00ed para ofrecer un servicio que se ajuste a las necesidades diarias de nuestros usuarios, sin complicaciones.<\/p>\n<p style=\"text-align: center;\">Adem\u00e1s de ofrecer trasteros de diferentes tama\u00f1os, tambi\u00e9n proporcionamos una gama de productos complementarios, como embalajes, cajas de cart\u00f3n, candados, pl\u00e1sticos de burbujas y precintos, para que todo lo que necesites est\u00e9 a tu disposici\u00f3n en un solo lugar.<\/p>\n<h3 style=\"text-align: center;\"><strong>Compromiso con la sostenibilidad<\/strong><\/h3>\n<p style=\"text-align: center;\">Nos enorgullece poder contribuir al cuidado del medio ambiente. Nuestros trasteros est\u00e1n construidos utilizando contenedores mar\u00edtimos, una soluci\u00f3n reutilizable y sostenible que ofrece durabilidad y seguridad. De esta manera, no solo brindamos espacios de almacenamiento robustos, sino que tambi\u00e9n ayudamos a reducir el impacto ambiental.<\/p>\n<h3 style=\"text-align: center;\"><strong>Cultura empresarial<\/strong><\/h3>\n<p style=\"text-align: center;\">En Trasteros Campanillas, apostamos por un entorno laboral colaborativo y flexible. Aunque actualmente somos un equipo peque\u00f1o, nos esforzamos en crear un ambiente de trabajo basado en el respeto, el compromiso y el desarrollo profesional, con la visi\u00f3n de crecer junto con la empresa.<\/p>\n<h3 style=\"text-align: center;\"><strong>Compromiso con la comunidad<\/strong><\/h3>\n<p style=\"text-align: center;\">Nuestro compromiso va m\u00e1s all\u00e1 del almacenamiento. Queremos ser una empresa que aporte valor a nuestra comunidad local en Campanillas, ya sea a trav\u00e9s de la colaboraci\u00f3n con peque\u00f1os negocios, el uso de materiales reutilizables en nuestras instalaciones o el apoyo a iniciativas que promuevan un desarrollo m\u00e1s sostenible.<\/p>\n<p>[\/vc_column_text][\/vc_column][vc_column width=\u00bb1\/6&#8243;][\/vc_column][\/vc_row][\/vc_section][vc_section css=\u00bb.vc_custom_1714515649275{background-color: linear-gradient(to top, rgba(17, 53, 124, 0.23) 0%, rgba(17, 53, 124, 0.13) 100%) !important;}\u00bb][vc_row equal_height=\u00bbyes\u00bb content_placement=\u00bbmiddle\u00bb][vc_column width=\u00bb1\/2&#8243;]<div  class=\"wpb_content_element   clearfix\"><style type=\"text\/css\">#ut_am_69e0d9de4cd33 { opacity: 1; }#ut_am_wrap_69e0d9de4cd35 .ut-image-gallery-item-caption-title h3 { letter-spacing: 0em; }#ut_am_wrap_69e0d9de4cd35 .ut-gallery-slider-caption { font-weight: bold; }#ut_am_wrap_69e0d9de4cd35 { text-align: center; }@media (min-width: 768px) and (max-width: 1024px) { #ut_am_wrap_69e0d9de4cd35 { text-align: center !important; } }@media (max-width: 767px) { #ut_am_wrap_69e0d9de4cd35 { text-align: center !important; } }<\/style><div id=\"ut_am_wrap_69e0d9de4cd35\" class=\"ut-image-gallery-image \"><div id=\"ut_reveal_69e0d9de4cd36\"  data-appear-top-offset=\"auto\" class=\"ut-animated-image-item ut-image-gallery-item ut-animation-done \"><a class=\"ut-deactivated-link\" href=\"#\"><div class=\"ut-animated-image-zoom\"><img loading=\"lazy\" decoding=\"async\" class=\"ut-lazy skip-lazy ut-animated-image \"  id=\"ut_am_69e0d9de4cd33\" src=\"data:image\/svg+xml;charset=utf-8,%3Csvg xmlns%3D'http%3A%2F%2Fwww.w3.org%2F2000%2Fsvg' viewBox%3D'0 0 680 500'%2F%3E\" data-src=\"https:\/\/trasteroscampanillas.com\/wp-content\/uploads\/2024\/04\/llamada-mudanza.jpg\" width=\"680\" height=\"500\" alt=\"\"\/><\/div><\/a><\/div><\/div><\/div>[\/vc_column][vc_column width=\u00bb1\/2&#8243;]<div class=\"wpb_content_element \"><style type=\"text\/css\">#ut_header_69e0d9de4d408 h3.page-title, #ut_header_69e0d9de4d408 h3.page-title span { color:#6ba349; }#ut_header_69e0d9de4d408 h3.page-title { font-size:30px !important; }#ut_header_69e0d9de4d408.page-title-module .lead { color:#6ba349; }#ut_header_69e0d9de4d408.page-title-module .lead p { color:#6ba349; }#ut_header_69e0d9de4d408.pt-style-2 .page-title span:after, #ut_header_69e0d9de4d408.pt-style-2 .parallax-title span:after, #ut_header_69e0d9de4d408.pt-style-2 .section-title span:after { background-color:#6ba349 !important;}<\/style><header id=\"ut_header_69e0d9de4d408\" class=\"page-header page-title-module  ut-no-title-linebreak-mobile ut-no-lead-linebreak-mobile pt-style-2 header-center header-tablet-center header-mobile-center\"><h3 data-title=\"\u00bfNecesitas ayuda?\"  data-responsive-font=\"page_title\" data-responsive-font-settings=\"{&quot;base-font-size&quot;:&quot;global&quot;,&quot;font-size&quot;:{&quot;desktop_large&quot;:&quot;30&quot;},&quot;base-line-height&quot;:&quot;global&quot;,&quot;base-letter-spacing&quot;:&quot;global&quot;}\" class=\"page-title  \"><span>\u00bfNecesitas ayuda?<\/span><\/h3><div data-delay=\"0\" class=\"lead \"><p>Ll\u00e1manos GRATIS de lunes a viernes<br \/>\n<span style=\"vertical-align: inherit;\"><span style=\"vertical-align: inherit;\"><span style=\"vertical-align: inherit;\"><span style=\"vertical-align: inherit;\"><span style=\"vertical-align: inherit;\"><span style=\"vertical-align: inherit;\"><span style=\"vertical-align: inherit;\"><span style=\"vertical-align: inherit;\"><span style=\"vertical-align: inherit;\"><span style=\"vertical-align: inherit;\">de 9:00 &#8211; 13:00 \u00f3 16:00 &#8211; 20:00 <\/span><\/span><\/span><\/span><\/span><\/span><\/span><\/span><\/span><\/span><br \/>\n<span style=\"vertical-align: inherit;\"><span style=\"vertical-align: inherit;\"><span style=\"vertical-align: inherit;\"><span style=\"vertical-align: inherit;\"><span style=\"vertical-align: inherit;\"><span style=\"vertical-align: inherit;\"><span style=\"vertical-align: inherit;\"><span style=\"vertical-align: inherit;\"><span style=\"vertical-align: inherit;\"><span style=\"vertical-align: inherit;\">al Tlf: +34 613 727 048 <\/span><\/span><\/span><\/span><\/span><\/span><\/span><\/span><\/span><\/span><br \/>\n<span style=\"vertical-align: inherit;\"><span style=\"vertical-align: inherit;\"><span style=\"vertical-align: inherit;\"><span style=\"vertical-align: inherit;\"><span style=\"vertical-align: inherit;\"><span style=\"vertical-align: inherit;\"><span style=\"vertical-align: inherit;\"><span style=\"vertical-align: inherit;\"><span style=\"vertical-align: inherit;\"><span style=\"vertical-align: inherit;\"><\/p>\n<\/div><\/header><\/div><style type=\"text\/css\">#bklyn_btn_69e0d9de5403d .bklyn-btn { color:#ffffff !important; background-color:#6ba349 !important; }#bklyn_btn_69e0d9de5403d .bklyn-btn:hover{ color:#6ba349 !important; background-color:#ffffff !important; }#bklyn_btn_69e0d9de5403d .bklyn-btn:focus{ color:#6ba349 !important; background-color:#ffffff !important; }#bklyn_btn_69e0d9de5403d .bklyn-btn:active { color:#6ba349 !important; background-color:#ffffff !important; }<\/style><div id=\"bklyn_btn_69e0d9de5403d\" class=\"bklyn-btn-holder  bklyn-btn-center bklyn-btn-tablet-center bklyn-btn-mobile-center\"><a title=\"Contacto\"   href=\"https:\/\/trasteroscampanillas.com\/index.php\/contacto\/\" target=\"_self\" class=\"bklyn-btn  bklyn-btn-normal\" ><span class=\"ut-btn-text\">SOLICITAR PRESUPUESTO<\/span><\/a><\/div>[\/vc_column][\/vc_row][\/vc_section][vc_row][vc_column][vc_column_text]<\/span><\/span><\/span><\/span><\/span><\/span><\/span><\/span><\/span><\/span>[\/vc_column_text][\/vc_column][\/vc_row]<\/p>\n<\/div>","protected":false},"excerpt":{"rendered":"<p>[vc_section][vc_row][vc_column][\/vc_column][\/vc_row][\/vc_section][vc_section][vc_row][vc_column width=\u00bb1\/6&#8243;][\/vc_column][vc_column width=\u00bb2\/3&#8243;][vc_column_text css=\u00bb\u00bb] \u00bfQui\u00e9nes somos y cu\u00e1l es nuestra misi\u00f3n? Trasteros Campanillas es una empresa de self storage situada en Campanillas, M\u00e1laga. Desde nuestro lanzamiento hace un a\u00f1o, nos hemos dedicado a proporcionar soluciones de almacenamiento accesibles y asequibles para particulares y empresas que buscan m\u00e1s espacio para sus pertenencias o mercanc\u00edas. Nos enorgullece [&hellip;]<\/p>\n","protected":false},"author":1,"featured_media":0,"parent":0,"menu_order":0,"comment_status":"closed","ping_status":"closed","template":"","meta":{"footnotes":""},"class_list":["post-3231","page","type-page","status-publish","hentry"],"yoast_head":"<!-- This site is optimized with the Yoast SEO plugin v24.3 - https:\/\/yoast.com\/wordpress\/plugins\/seo\/ -->\n<title>Sobre Nosotros - trasteroscampanillas<\/title>\n<meta name=\"robots\" content=\"index, follow, max-snippet:-1, max-image-preview:large, max-video-preview:-1\" \/>\n<link rel=\"canonical\" href=\"https:\/\/trasteroscampanillas.com\/index.php\/sobre-nosotros\/\" \/>\n<meta property=\"og:locale\" content=\"es_ES\" \/>\n<meta property=\"og:type\" content=\"article\" \/>\n<meta property=\"og:title\" content=\"Sobre Nosotros - trasteroscampanillas\" \/>\n<meta property=\"og:description\" content=\"[vc_section][vc_row][vc_column][\/vc_column][\/vc_row][\/vc_section][vc_section][vc_row][vc_column width=\u00bb1\/6&#8243;][\/vc_column][vc_column width=\u00bb2\/3&#8243;][vc_column_text css=\u00bb\u00bb] \u00bfQui\u00e9nes somos y cu\u00e1l es nuestra misi\u00f3n? Trasteros Campanillas es una empresa de self storage situada en Campanillas, M\u00e1laga. Desde nuestro lanzamiento hace un a\u00f1o, nos hemos dedicado a proporcionar soluciones de almacenamiento accesibles y asequibles para particulares y empresas que buscan m\u00e1s espacio para sus pertenencias o mercanc\u00edas. Nos enorgullece [&hellip;]\" \/>\n<meta property=\"og:url\" content=\"https:\/\/trasteroscampanillas.com\/index.php\/sobre-nosotros\/\" \/>\n<meta property=\"og:site_name\" content=\"trasteroscampanillas\" \/>\n<meta property=\"article:modified_time\" content=\"2024-10-15T22:57:10+00:00\" \/>\n<meta name=\"twitter:card\" content=\"summary_large_image\" \/>\n<meta name=\"twitter:label1\" content=\"Tiempo de lectura\" \/>\n\t<meta name=\"twitter:data1\" content=\"3 minutos\" \/>\n<script type=\"application\/ld+json\" class=\"yoast-schema-graph\">{\"@context\":\"https:\/\/schema.org\",\"@graph\":[{\"@type\":\"WebPage\",\"@id\":\"https:\/\/trasteroscampanillas.com\/index.php\/sobre-nosotros\/\",\"url\":\"https:\/\/trasteroscampanillas.com\/index.php\/sobre-nosotros\/\",\"name\":\"Sobre Nosotros - trasteroscampanillas\",\"isPartOf\":{\"@id\":\"https:\/\/trasteroscampanillas.com\/#website\"},\"datePublished\":\"2024-06-13T23:39:57+00:00\",\"dateModified\":\"2024-10-15T22:57:10+00:00\",\"breadcrumb\":{\"@id\":\"https:\/\/trasteroscampanillas.com\/index.php\/sobre-nosotros\/#breadcrumb\"},\"inLanguage\":\"es\",\"potentialAction\":[{\"@type\":\"ReadAction\",\"target\":[\"https:\/\/trasteroscampanillas.com\/index.php\/sobre-nosotros\/\"]}]},{\"@type\":\"BreadcrumbList\",\"@id\":\"https:\/\/trasteroscampanillas.com\/index.php\/sobre-nosotros\/#breadcrumb\",\"itemListElement\":[{\"@type\":\"ListItem\",\"position\":1,\"name\":\"Portada\",\"item\":\"https:\/\/trasteroscampanillas.com\/\"},{\"@type\":\"ListItem\",\"position\":2,\"name\":\"Sobre Nosotros\"}]},{\"@type\":\"WebSite\",\"@id\":\"https:\/\/trasteroscampanillas.com\/#website\",\"url\":\"https:\/\/trasteroscampanillas.com\/\",\"name\":\"trasteroscampanillas\",\"description\":\"\",\"potentialAction\":[{\"@type\":\"SearchAction\",\"target\":{\"@type\":\"EntryPoint\",\"urlTemplate\":\"https:\/\/trasteroscampanillas.com\/?s={search_term_string}\"},\"query-input\":{\"@type\":\"PropertyValueSpecification\",\"valueRequired\":true,\"valueName\":\"search_term_string\"}}],\"inLanguage\":\"es\"}]}<\/script>\n<!-- \/ Yoast SEO plugin. -->","yoast_head_json":{"title":"Sobre Nosotros - trasteroscampanillas","robots":{"index":"index","follow":"follow","max-snippet":"max-snippet:-1","max-image-preview":"max-image-preview:large","max-video-preview":"max-video-preview:-1"},"canonical":"https:\/\/trasteroscampanillas.com\/index.php\/sobre-nosotros\/","og_locale":"es_ES","og_type":"article","og_title":"Sobre Nosotros - trasteroscampanillas","og_description":"[vc_section][vc_row][vc_column][\/vc_column][\/vc_row][\/vc_section][vc_section][vc_row][vc_column width=\u00bb1\/6&#8243;][\/vc_column][vc_column width=\u00bb2\/3&#8243;][vc_column_text css=\u00bb\u00bb] \u00bfQui\u00e9nes somos y cu\u00e1l es nuestra misi\u00f3n? Trasteros Campanillas es una empresa de self storage situada en Campanillas, M\u00e1laga. Desde nuestro lanzamiento hace un a\u00f1o, nos hemos dedicado a proporcionar soluciones de almacenamiento accesibles y asequibles para particulares y empresas que buscan m\u00e1s espacio para sus pertenencias o mercanc\u00edas. Nos enorgullece [&hellip;]","og_url":"https:\/\/trasteroscampanillas.com\/index.php\/sobre-nosotros\/","og_site_name":"trasteroscampanillas","article_modified_time":"2024-10-15T22:57:10+00:00","twitter_card":"summary_large_image","twitter_misc":{"Tiempo de lectura":"3 minutos"},"schema":{"@context":"https:\/\/schema.org","@graph":[{"@type":"WebPage","@id":"https:\/\/trasteroscampanillas.com\/index.php\/sobre-nosotros\/","url":"https:\/\/trasteroscampanillas.com\/index.php\/sobre-nosotros\/","name":"Sobre Nosotros - trasteroscampanillas","isPartOf":{"@id":"https:\/\/trasteroscampanillas.com\/#website"},"datePublished":"2024-06-13T23:39:57+00:00","dateModified":"2024-10-15T22:57:10+00:00","breadcrumb":{"@id":"https:\/\/trasteroscampanillas.com\/index.php\/sobre-nosotros\/#breadcrumb"},"inLanguage":"es","potentialAction":[{"@type":"ReadAction","target":["https:\/\/trasteroscampanillas.com\/index.php\/sobre-nosotros\/"]}]},{"@type":"BreadcrumbList","@id":"https:\/\/trasteroscampanillas.com\/index.php\/sobre-nosotros\/#breadcrumb","itemListElement":[{"@type":"ListItem","position":1,"name":"Portada","item":"https:\/\/trasteroscampanillas.com\/"},{"@type":"ListItem","position":2,"name":"Sobre Nosotros"}]},{"@type":"WebSite","@id":"https:\/\/trasteroscampanillas.com\/#website","url":"https:\/\/trasteroscampanillas.com\/","name":"trasteroscampanillas","description":"","potentialAction":[{"@type":"SearchAction","target":{"@type":"EntryPoint","urlTemplate":"https:\/\/trasteroscampanillas.com\/?s={search_term_string}"},"query-input":{"@type":"PropertyValueSpecification","valueRequired":true,"valueName":"search_term_string"}}],"inLanguage":"es"}]}},"_links":{"self":[{"href":"https:\/\/trasteroscampanillas.com\/index.php\/wp-json\/wp\/v2\/pages\/3231"}],"collection":[{"href":"https:\/\/trasteroscampanillas.com\/index.php\/wp-json\/wp\/v2\/pages"}],"about":[{"href":"https:\/\/trasteroscampanillas.com\/index.php\/wp-json\/wp\/v2\/types\/page"}],"author":[{"embeddable":true,"href":"https:\/\/trasteroscampanillas.com\/index.php\/wp-json\/wp\/v2\/users\/1"}],"replies":[{"embeddable":true,"href":"https:\/\/trasteroscampanillas.com\/index.php\/wp-json\/wp\/v2\/comments?post=3231"}],"version-history":[{"count":4,"href":"https:\/\/trasteroscampanillas.com\/index.php\/wp-json\/wp\/v2\/pages\/3231\/revisions"}],"predecessor-version":[{"id":3282,"href":"https:\/\/trasteroscampanillas.com\/index.php\/wp-json\/wp\/v2\/pages\/3231\/revisions\/3282"}],"wp:attachment":[{"href":"https:\/\/trasteroscampanillas.com\/index.php\/wp-json\/wp\/v2\/media?parent=3231"}],"curies":[{"name":"wp","href":"https:\/\/api.w.org\/{rel}","templated":true}]}}